{"id":1076,"date":"2018-03-22T10:04:04","date_gmt":"2018-03-22T09:04:04","guid":{"rendered":"https:\/\/dev.blog.rynekfinansowy.info\/?page_id=1076"},"modified":"2018-06-22T12:08:26","modified_gmt":"2018-06-22T10:08:26","slug":"strona-glowna","status":"publish","type":"page","link":"https:\/\/www.rynekfinansowy.info\/blog\/","title":{"rendered":"Strona g\u0142\u00f3wna"},"content":{"rendered":"","protected":false},"excerpt":{"rendered":"<div class=\"mh-excerpt\"><\/div>","protected":false},"author":10,"featured_media":0,"parent":0,"menu_order":0,"comment_status":"closed","ping_status":"closed","template":"template-homepage.php","meta":[],"yoast_head":"<!-- This site is optimized with the Yoast SEO plugin v18.0 - https:\/\/yoast.com\/wordpress\/plugins\/seo\/ -->\n<title>Rynek finansowy.info blog - Twoja baza wiedzy o finansach<\/title>\n<meta name=\"description\" content=\"Rynek finansowy.info blog to baza wiedzy dotycz\u0105cej finans\u00f3w. Sprawiamy, \u017ce Twoja rzeczywisto\u015b\u0107 finansowa staje si\u0119 lepsza.\" \/>\n<meta name=\"robots\" content=\"index, follow, max-snippet:-1, max-image-preview:large, max-video-preview:-1\" \/>\n<link rel=\"canonical\" href=\"https:\/\/www.rynekfinansowy.info\/blog\/\" \/>\n<meta property=\"og:locale\" content=\"pl_PL\" \/>\n<meta property=\"og:type\" content=\"article\" \/>\n<meta property=\"og:title\" content=\"Rynek finansowy.info blog - Twoja baza wiedzy o finansach\" \/>\n<meta property=\"og:description\" content=\"Rynek finansowy.info blog to baza wiedzy dotycz\u0105cej finans\u00f3w. Sprawiamy, \u017ce Twoja rzeczywisto\u015b\u0107 finansowa staje si\u0119 lepsza.\" \/>\n<meta property=\"og:url\" content=\"https:\/\/www.rynekfinansowy.info\/blog\/\" \/>\n<meta property=\"og:site_name\" content=\"Rynek finansowy.info blog - Twoja baza wiedzy o finansach osobistych\" \/>\n<meta property=\"article:modified_time\" content=\"2018-06-22T10:08:26+00:00\" \/>\n<meta name=\"twitter:card\" content=\"summary\" \/>\n<script type=\"application\/ld+json\" class=\"yoast-schema-graph\">{\"@context\":\"https:\/\/schema.org\",\"@graph\":[{\"@type\":\"WebSite\",\"@id\":\"https:\/\/www.rynekfinansowy.info\/blog\/#website\",\"url\":\"https:\/\/www.rynekfinansowy.info\/blog\/\",\"name\":\"Rynek finansowy.info blog - Twoja baza wiedzy o finansach osobistych\",\"description\":\"Rynek finansowy.info blog to baza wiedzy dotycz\u0105cej finans\u00f3w. Sprawiamy, \u017ce Twoja rzeczywisto\u015b\u0107 finansowa staje si\u0119 lepsza.\",\"potentialAction\":[{\"@type\":\"SearchAction\",\"target\":{\"@type\":\"EntryPoint\",\"urlTemplate\":\"https:\/\/www.rynekfinansowy.info\/blog\/?s={search_term_string}\"},\"query-input\":\"required name=search_term_string\"}],\"inLanguage\":\"pl-PL\"},{\"@type\":\"WebPage\",\"@id\":\"https:\/\/www.rynekfinansowy.info\/blog\/#webpage\",\"url\":\"https:\/\/www.rynekfinansowy.info\/blog\/\",\"name\":\"Rynek finansowy.info blog - Twoja baza wiedzy o finansach\",\"isPartOf\":{\"@id\":\"https:\/\/www.rynekfinansowy.info\/blog\/#website\"},\"datePublished\":\"2018-03-22T09:04:04+00:00\",\"dateModified\":\"2018-06-22T10:08:26+00:00\",\"description\":\"Rynek finansowy.info blog to baza wiedzy dotycz\u0105cej finans\u00f3w. Sprawiamy, \u017ce Twoja rzeczywisto\u015b\u0107 finansowa staje si\u0119 lepsza.\",\"breadcrumb\":{\"@id\":\"https:\/\/www.rynekfinansowy.info\/blog\/#breadcrumb\"},\"inLanguage\":\"pl-PL\",\"potentialAction\":[{\"@type\":\"ReadAction\",\"target\":[\"https:\/\/www.rynekfinansowy.info\/blog\/\"]}]},{\"@type\":\"BreadcrumbList\",\"@id\":\"https:\/\/www.rynekfinansowy.info\/blog\/#breadcrumb\",\"itemListElement\":[{\"@type\":\"ListItem\",\"position\":1,\"name\":\"Strona g\u0142\u00f3wna\",\"item\":\"https:\/\/www.rynekfinansowy.info\/blog\/\"},{\"@type\":\"ListItem\",\"position\":2,\"name\":\"Strona g\u0142\u00f3wna\"}]}]}<\/script>\n<!-- \/ Yoast SEO plugin. -->","yoast_head_json":{"title":"Rynek finansowy.info blog - Twoja baza wiedzy o finansach","description":"Rynek finansowy.info blog to baza wiedzy dotycz\u0105cej finans\u00f3w. Sprawiamy, \u017ce Twoja rzeczywisto\u015b\u0107 finansowa staje si\u0119 lepsza.","robots":{"index":"index","follow":"follow","max-snippet":"max-snippet:-1","max-image-preview":"max-image-preview:large","max-video-preview":"max-video-preview:-1"},"canonical":"https:\/\/www.rynekfinansowy.info\/blog\/","og_locale":"pl_PL","og_type":"article","og_title":"Rynek finansowy.info blog - Twoja baza wiedzy o finansach","og_description":"Rynek finansowy.info blog to baza wiedzy dotycz\u0105cej finans\u00f3w. Sprawiamy, \u017ce Twoja rzeczywisto\u015b\u0107 finansowa staje si\u0119 lepsza.","og_url":"https:\/\/www.rynekfinansowy.info\/blog\/","og_site_name":"Rynek finansowy.info blog - Twoja baza wiedzy o finansach osobistych","article_modified_time":"2018-06-22T10:08:26+00:00","twitter_card":"summary","schema":{"@context":"https:\/\/schema.org","@graph":[{"@type":"WebSite","@id":"https:\/\/www.rynekfinansowy.info\/blog\/#website","url":"https:\/\/www.rynekfinansowy.info\/blog\/","name":"Rynek finansowy.info blog - Twoja baza wiedzy o finansach osobistych","description":"Rynek finansowy.info blog to baza wiedzy dotycz\u0105cej finans\u00f3w. Sprawiamy, \u017ce Twoja rzeczywisto\u015b\u0107 finansowa staje si\u0119 lepsza.","potentialAction":[{"@type":"SearchAction","target":{"@type":"EntryPoint","urlTemplate":"https:\/\/www.rynekfinansowy.info\/blog\/?s={search_term_string}"},"query-input":"required name=search_term_string"}],"inLanguage":"pl-PL"},{"@type":"WebPage","@id":"https:\/\/www.rynekfinansowy.info\/blog\/#webpage","url":"https:\/\/www.rynekfinansowy.info\/blog\/","name":"Rynek finansowy.info blog - Twoja baza wiedzy o finansach","isPartOf":{"@id":"https:\/\/www.rynekfinansowy.info\/blog\/#website"},"datePublished":"2018-03-22T09:04:04+00:00","dateModified":"2018-06-22T10:08:26+00:00","description":"Rynek finansowy.info blog to baza wiedzy dotycz\u0105cej finans\u00f3w. Sprawiamy, \u017ce Twoja rzeczywisto\u015b\u0107 finansowa staje si\u0119 lepsza.","breadcrumb":{"@id":"https:\/\/www.rynekfinansowy.info\/blog\/#breadcrumb"},"inLanguage":"pl-PL","potentialAction":[{"@type":"ReadAction","target":["https:\/\/www.rynekfinansowy.info\/blog\/"]}]},{"@type":"BreadcrumbList","@id":"https:\/\/www.rynekfinansowy.info\/blog\/#breadcrumb","itemListElement":[{"@type":"ListItem","position":1,"name":"Strona g\u0142\u00f3wna","item":"https:\/\/www.rynekfinansowy.info\/blog\/"},{"@type":"ListItem","position":2,"name":"Strona g\u0142\u00f3wna"}]}]}},"_links":{"self":[{"href":"https:\/\/www.rynekfinansowy.info\/blog\/wp-json\/wp\/v2\/pages\/1076"}],"collection":[{"href":"https:\/\/www.rynekfinansowy.info\/blog\/wp-json\/wp\/v2\/pages"}],"about":[{"href":"https:\/\/www.rynekfinansowy.info\/blog\/wp-json\/wp\/v2\/types\/page"}],"author":[{"embeddable":true,"href":"https:\/\/www.rynekfinansowy.info\/blog\/wp-json\/wp\/v2\/users\/10"}],"replies":[{"embeddable":true,"href":"https:\/\/www.rynekfinansowy.info\/blog\/wp-json\/wp\/v2\/comments?post=1076"}],"version-history":[{"count":2,"href":"https:\/\/www.rynekfinansowy.info\/blog\/wp-json\/wp\/v2\/pages\/1076\/revisions"}],"predecessor-version":[{"id":1556,"href":"https:\/\/www.rynekfinansowy.info\/blog\/wp-json\/wp\/v2\/pages\/1076\/revisions\/1556"}],"wp:attachment":[{"href":"https:\/\/www.rynekfinansowy.info\/blog\/wp-json\/wp\/v2\/media?parent=1076"}],"curies":[{"name":"wp","href":"https:\/\/api.w.org\/{rel}","templated":true}]}}